 -43 + 85. Let q(k) = k**3 - 35*k**2 + 34*k + 1. Let s be q(34). What is the units digit of (a - s) + 2/1?
3
Let o(c) = -2*c**2 + 108*c - 117. What is the tens digit of o(51)?
8
Suppose 3*a - 371 = -7*i + 2*i, -5*i = -5*a - 355. Let u = i + 2. What is the tens digit of u?
7
Let r = 1384 - 801. What is the hundreds digit of r?
5
Suppose -3 + 11 = 4*g. Let b(o) = 25*o - 10. What is the tens digit of b(g)?
4
Let s be 64/40 - 2/(-5). Let f be 60*s*20/24. Let v = f - 69. What is the tens digit of v?
3
Suppose 4*z - 44 = -444. Let w = 164 + z. What is the tens digit of w?
6
What is the tens digit of 281 + 5 + -10 - 2?
7
What is the hundreds digit of (-3245)/(-30) + (-5)/30?
1
Suppose -5*d = -4*i - 712, 3*i = 2*i - 3. What is the hundreds digit of d?
1
Let a be (0/7)/(-1 + 3). Let m be -2 + (1*-9)/(-1). Let l = m + a. What is the units digit of l?
7
Suppose -28*d + 1156 = -26*d. What is the hundreds digit of d?
5
Let v(u) = 7*u**2 + 12*u + 4. What is the tens digit of v(-11)?
1
Let x(g) = 3*g**2 + 5*g - 5. Let q be x(3). Suppose -34*r - 198 = -q*r. What is the units digit of r?
6
Let d be 2/(-14) + 2318/7. Let x = d + -197. What is the units digit of x?
4
Suppose -3 = q - 5. Suppose -5*a + 3*k = -15, -6 = -2*a + 3*k - q*k. Suppose 0*r + a*r = 90. What is the units digit of r?
0
Suppose -61*k + 3960 = -49*k. What is the units digit of k?
0
Suppose 0 = 3*b - 2*z - 7990, 0 = -8*b + 4*b + 5*z + 10658. What is the units digit of b?
2
Let f(z) = 4*z**2 + z - 5. What is the hundreds digit of f(5)?
1
Let d = -136 + 190. What is the units digit of d?
4
Suppose 23*p - 19565 = 9346. What is the thousands digit of p?
1
Suppose 2 = -2*i + 4. What is the tens digit of ((-12)/3 - i) + 97?
9
Suppose 3*d - 99 - 153 = 0. Suppose -3*a = -a - d. What is the tens digit of a?
4
Suppose 349 = 3*p + 5*h, 63 = p - 4*h - 25. What is the units digit of p?
8
Let c(d) = -33*d**3 + 3*d**2 - 4*d. Let m be c(-3). Let l be m/18 + 2/6. Suppose l = 2*o - 26. What is the units digit of o?
9
Let h(j) = j**2 + 9*j - 23. Let g be h(-11). What is the tens digit of g/(-6) - (-1005)/18?
5
What is the units digit of 735 + ((-6)/15)/(3/15)?
3
Suppose 0 = u - 3*h - 393, u - 5*h + 171 = 574. What is the hundreds digit of u?
3
Let y(d) = -d**2 + 7*d + 5. Let k be y(8). Let c(a) = 9*a**2 - 7*a - 15. What is the tens digit of c(k)?
8
Let a(g) = 2*g**2 + 2*g - 6. What is the hundreds digit of a(8)?
1
Suppose -3*b - 3*s = b + 840, -3*b = -5*s + 659. Let d = 305 + b. What is the tens digit of d?
9
Let i(k) = 68*k**2 + 18*k + 75. What is the units digit of i(-4)?
1
Let n(h) = 6*h + 29. Let t(c) = -9*c - 43. Let v(z) = 7*n(z) + 5*t(z). What is the units digit of v(-5)?
3
Suppose -5*z + 23241 = 4*y, -4*z = 4*y - 2*y - 18588. What is the tens digit of z?
4
Suppose 13*t = 6*t + 2289. What is the tens digit of t?
2
Suppose -2*s - 8 = 0, -2*s + 2396 = 4*x - 780. What is the tens digit of x?
9
Let i(v) = 2*v**3 - 4*v**2 - 10*v + 9. Let z(b) = -b. Let y be z(-8). Suppose y*n - 18 = 5*n - 2*j, -2*n - 1 = -3*j. What is the tens digit of i(n)?
3
Let g(l) be the second derivative of -l**3/3 + 15*l**2 - l. Let t(n) = n - 26. Let y be t(8). What is the tens digit of g(y)?
6
Let u(b) = 86*b**3 - 2*b - 1. Let n be u(-1). Let o = n - -171. What is the tens digit of o?
8
Let r(j) be the second derivative of 37*j**3/6 - 31*j**2/2 + 4*j - 7. What is the tens digit of r(7)?
2
Suppose 6*u = u - 220. Let w = -246 - -245. What is the units digit of (w + u)/3*-1?
5
Suppose 3*p = -5*r - 2*p + 1305, 5*r - p - 1305 = 0. What is the tens digit of r?
6
Let c = -7413 - -10516. What is the thousands digit of c?
3
Let f(t) = 141*t + 5 - 281*t + 119*t. Let d(g) = -2*g + 2. Let n be d(2). What is the units digit of f(n)?
7
Suppose -3*w + 10*j - 5*j = -59, 2*w + 3*j - 33 = 0. Suppose 205 = -13*y + w*y. What is the units digit of y?
1
What is the tens digit of 210810/195 - 1/13?
8
Let v be (20/50)/((-2)/(-5)). Suppose v = 4*u - n - 3, 2 = -3*u + 2*n. Suppose -u*b - 3*c = 0, -4*b = -5*b - 5*c - 14. What is the units digit of b?
6
Suppose 124 = 6*t + 40. Suppose -5*c + 11 + t = 0. What is the tens digit of (10 + 1)*(-3 + c)?
2
Let n(a) = -a**2 - 47*a + 14. What is the units digit of n(-32)?
4
Let f = 222 - -213. What is the tens digit of f?
3
Let n(t) = 6*t**2 - t - 4. Let s be n(2). Let c = 11 - s. What is the units digit of -7*((-16)/c)/(-4)?
4
Suppose 7*i - 9*i = -858. Suppose 0 = 3*h - 3*u - i, -5*h + 697 = 6*u - 2*u. What is the hundreds digit of h?
1
Let s = -6 + 8. Suppose 0 = 4*p - 34 - 6. What is the units digit of 15/p - s/4?
1
Let b(a) = a**2 + 14*a - 67. What is the tens digit of b(24)?
4
Suppose 0 = -5*x + 4*z + 41, 2*x + 4 - 2 = -3*z. Suppose 8*j = x*j - 6. What is the units digit of (1*128)/4 + j?
0
Suppose -h = -1042 + 79. What is the hundreds digit of h?
9
What is the tens digit of -1 - 712/(-4) - -6?
8
Suppose 243 - 22 = w. What is the tens digit of w?
2
Suppose 4*b - 7*d = -6*d + 2309, 0 = -4*d + 12. What is the hundreds digit of b?
5
Let w be 2/(-4)*30/(-3). Let x(u) = -10*u**3 + u**2 - 3*u - 2. Let s be x(-2). Suppose -l + w*l = s. What is the units digit of l?
2
Let h = 11 + -11. Suppose h = y - 2*y. What is the units digit of (1 - y) + 2/2?
2
Let r = -378 - -768. What is the units digit of r?
0
Suppose 0*c + 8 = 3*z + 2*c, -4*z = -5*c - 26. Suppose -5*d + 280 = -z*r, -2*d + 5*r + 43 = -52. What is the units digit of d?
0
Let v be 2*(3 + 3/(-6)). Let c(f) = 7*f**3 - v - 8*f**3 + 0*f**2 - f**2. What is the units digit of c(-4)?
3
Let y = -2 - -4. Suppose -4 = -2*u - y*u. What is the units digit of -10*(u - (5 + -2))?
0
Let f(s) = 2*s**2 + 3*s + 2. Let p be f(-1). What is the hundreds digit of (-1 - 120*p)*(-9)/9?
1
Let g be (-3 - (-4 - 1))*-43. Let a = -70 - g. What is the tens digit of a?
1
What is the hundreds digit of 32/72 + (-31930)/(-45)?
7
Let q(y) = -84*y - 78. What is the hundreds digit of q(-7)?
5
What is the tens digit of 2*358/2*(-21)/(-14)?
3
Suppose 22*d = 21*d + 124. What is the units digit of (68/8 + -7)/(2/d)?
3
Let w(f) = 3*f + 3. Let x be w(-3). Let b(p) = p**2 + p - 1. Let l be b(x). Suppose 0 = u - 2*u + h + 4, 0 = -u - 4*h + l. What is the units digit of u?
9
Let r(b) = 2*b**2 - 16*b - 42. What is the tens digit of r(20)?
3
Let c be (-230)/4 - -1 - (-3)/2. Let f = 84 + c. What is the units digit of f?
9
Suppose 2*h - 25*v + 20*v - 227 = 0, -5*h = -v - 556. What is the units digit of h?
1
Suppose 5*i = -3*f + 3496, f - 4*i = 685 + 469. What is the tens digit of f?
6
Let y(c) = 8*c**2 + 18*c + 17. Let b be y(-7). Let i = -189 + b. What is the units digit of i?
4
Suppose 5*n = 2*n + 12. Suppose -2*r + n*i = -20, 2*r + i + 5 = -0*r. Suppose -2*s + 72 = -0*q + 2*q, r = 3*s - 4*q - 143. What is the units digit of s?
1
Suppose 0 = -5*m + 15, 3 = -0*v + 3*v + 2*m. Let t be (-2)/v*2*1. Suppose -g = -t*z + 3*g + 28, -4*z - 3*g = 0. What is the units digit of z?
3
Let m be -2 - 1 - (5 - -3). Let d = m - -6. What is the tens digit of (-158)/d - (-20)/50?
3
Let w = 982 - 456. What is the tens digit of w?
2
Suppose -2*z + 0 + 48 = 2*a, -5*z - 76 = -2*a. What is the tens digit of a?
2
Suppose 10*y + 2 = 11*y. Suppose -4*u = -3*o + 742, 3*o + y*o - 3*u = 1255. What is the tens digit of o?
5
Let m be -1*(-4)/(-8)*-6. Let j = m - -1. Suppose -3*x - j*d + 38 = 0, -x + 0*d + 14 = 2*d. What is the tens digit of x?
1
Let s(m) = -9*m + 5 - 9 - 5 - m**2. Let w = 20 + -26. What is the units digit of s(w)?
9
What is the units digit of (1342/4 - (9 - 4))*2?
1
Suppose -3*h = 9 - 18. Suppose 0 = h*u + 6*u - 2088. What is the tens digit of u?
3
Suppose -5*t + 5 + 20 = 0. Suppose 0 = 2*k - 4*f - 92, 108 + 82 = 4*k - t*f. What is the units digit of k?
0
Let q = 98 - 106. What is the units digit of 2/4 - 828/q*1?
4
Let n(r) = -8*r**2 + 1. Let v be (-6)/10 + 12/(-30). Let b be n(v). Let d = 59 - b. What is the tens digit of d?
6
Let c = -16 - -26. Let p be (-6)/c - 894/(-15). Let k = 94 - p. What is the tens digit of k?
3
Let n = 297 + -217. What is the units digit of n?
0
Let t(y) = -y**3 + y**2 + y**2 + 2*y**3 - 5*y + 0*y**3 - 2. What is the tens digit of t(4)?
7
Let d be 54964/39 - (-3)/(-9). Suppose -22*a + 21 = -d. What is the tens digit of a?
6
Suppose 0 = -t - 3*t + 16. Suppose -142 = -d - c, 0 = 2*c - t. What is the un